 -2?
-333
In base 8, what is 5106 - 4?
5102
In base 15, what is 3 - 202?
-1ee
In base 9, what is 4 + -3507?
-3503
In base 16, what is 2 + 3c?
3e
In base 11, what is 15 - -15?
2a
In base 16, what is -fc + 38?
-c4
In base 4, what is 1 + 31?
32
In base 5, what is 303 - -223?
1031
In base 16, what is 1c - 22?
-6
In base 8, what is -50 + 473?
423
In base 12, what is -4 - -14?
10
In base 14, what is -13 - -2b2?
29d
In base 8, what is -1 + 7?
6
In base 11, what is 372a - -3?
3732
In base 13, what is -7 + 17?
10
In base 2, what is -100 + 111?
11
In base 6, what is -51222 - -4?
-51214
In base 13, what is 20 - 18?
5
In base 3, what is -10 + 201?
121
In base 2, what is 11010 + 10?
11100
In base 11, what is 15 - 37?
-22
In base 6, what is -500 - 1?
-501
In base 13, what is 78 - 6?
72
In base 8, what is -34 - -361?
325
In base 14, what is -2a + 3?
-27
In base 16, what is -c - 6?
-12
In base 15, what is 126b + 3?
126e
In base 2, what is 1001011100 + 0?
1001011100
In base 11, what is 54 - 1?
53
In base 15, what is -b - -1cc?
1c1
In base 14, what is -aa0 - 4?
-aa4
In base 5, what is 0 - -3140?
3140
In base 15, what is 2 + 12b?
12d
In base 3, what is 10111111 + -2?
10111102
In base 3, what is 111021 - -1101?
112122
In base 5, what is 10 - 30131?
-30121
In base 11, what is 28 + 3a?
67
In base 6, what is 2053 - -2?
2055
In base 2, what is -1111 - -1100011?
1010100
In base 2, what is -1000101110011 + -100?
-1000101110111
In base 9, what is -104 + -25?
-130
In base 2, what is -101 + 100111011?
100110110
In base 10, what is -1 - 8?
-9
In base 6, what is -5 - 5335?
-5344
In base 3, what is 2010 - 11?
1222
In base 8, what is 63 + 6?
71
In base 16, what is 1d6 - 5?
1d1
In base 10, what is 3 + 3999?
4002
In base 11, what is 5a0 + -2?
599
In base 14, what is -1a7 + 0?
-1a7
In base 3, what is -2002 + 10?
-1222
In base 8, what is 26 - -2?
30
In base 8, what is 2465 - 2?
2463
In base 6, what is -524 + -11?
-535
In base 15, what is -4 - -b2?
ad
In base 11, what is 1579 + -3?
1576
In base 13, what is 3 + 9?
c
In base 13, what is -2 - 4a8?
-4aa
In base 2, what is -10101 + -101?
-11010
In base 16, what is 11 + -1c?
-b
In base 12, what is -b2b8 + -2?
-b2ba
In base 8, what is -14167 + -3?
-14172
In base 6, what is 0 - -1014?
1014
In base 2, what is 101010111 - 1000?
101001111
In base 6, what is -150 + 133?
-13
In base 9, what is 104 + -141?
-36
In base 5, what is -30 + -41?
-121
In base 8, what is 453 + -5?
446
In base 9, what is 3784 + 2?
3786
In base 14, what is 1a5 + 7?
1ac
In base 11, what is 81 - -3?
84
In base 13, what is -15 + 6?
-c
In base 14, what is -10 + -a?
-1a
In base 4, what is 123133 + 3?
123202
In base 16, what is -5 + -25a?
-25f
In base 15, what is 2 + a?
c
In base 4, what is 1132 - -120?
1312
In base 2, what is 1 + -100110?
-100101
In base 16, what is 1dd + -3?
1da
In base 7, what is -1 + -566?
-600
In base 9, what is -4 + -61?
-65
In base 13, what is -2 + -a?
-c
In base 14, what is b + 7?
14
In base 7, what is 15 + 5?
23
In base 11, what is -295 + 37?
-259
In base 4, what is -13231 - -10?
-13221
In base 9, what is -351 + 4?
-346
In base 11, what is 698 + -1?
697
In base 13, what is 72 + -5?
6a
In base 4, what is 2 + -110230?
-110222
In base 9, what is 323 + -3?
320
In base 8, what is -101 - -44?
-35
In base 7, what is 651 - 4?
644
In base 14, what is 386 - 0?
386
In base 8, what is -1 - -172?
171
In base 9, what is 5 + 48?
54
In base 10, what is 1 + -33?
-32
In base 9, what is 4 - 1526?
-1522
In base 13, what is bbb + -5?
bb6
In base 9, what is 181 - -11?
202
In base 9, what is 50 + -52?
-2
In base 7, what is -1 - -5263?
5262
In base 12, what is -37 + 3?
-34
In base 12, what is 372 - -20?
392
In base 5, what is 3230 + -1?
3224
In base 2, what is 10 + 10100111011?
10100111101
In base 5, what is -100112 - -10?
-100102
In base 5, what is 304 + 13?
322
In base 5, what is 203 + 3?
211
In base 3, what is 10 + 111122?
111202
In base 5, what is 3140 - -10?
3200
In base 5, what is 10 - 203?
-143
In base 10, what is -5 - 4905?
-4910
In base 16, what is -303 + 3?
-300
In base 5, what is -31 - 403?
-434
In base 13, what is -4 - 59?
-60
In base 10, what is -26 + -24?
-50
In base 8, what is 324 - -5?
331
In base 13, what is -5c7 + 2?
-5c5
In base 13, what is 6 - -3?
9
In base 15, what is -5 + 48?
43
In base 7, what is 16 + 25?
44
In base 12, what is -a - -4?
-6
In base 13, what is 18528 + -1?
18527
In base 6, what is 4531 - 2?
4525
In base 13, what is 6 - -5c7?
600
In base 2, what is 1010 + -101001010?
-101000000
In base 13, what is -1c0 - -4?
-1b9
In base 5, what is 30 + 3213?
3243
In base 8, what is -543 - -1?
-542
In base 15, what is 7 - 4?
3
In base 16, what is 5 - -57?
5c
In base 10, what is -32 + 70?
38
In base 11, what is -4 + -6a3?
-6a7
In base 4, what is -12 - -101?
23
In base 10, what is -1536 + -3?
-1539
In base 7, what is -31 - -305?
244
In base 11, what is -151 - -8?
-144
In base 2, what is -100100010001 - 101?
-100100010110
In base 12, what is -1 - -59?
58
In base 15, what is -53c + 1?
-53b
In base 10, what is -4 - -40?
36
In base 3, what is 10 + 12221?
20001
In base 2, what is -101 + 100101?
100000
In base 10, what is -1 + 47?
46
In base 12, what is -6 + 2?
-4
In base 14, what is 0 + 40?
40
In base 6, what is -1 - 254?
-255
In base 10, what is -1 - 187?
-188
In base 11, what is -25 - -3?
-22
In base 9, what is -2 - 5?
-7
In base 5, what is 403 - 1?
402
In base 10, what is 2519 - -2?
2521
In base 3, what is 2 - 1211210?
-1211201
In base 5, what is 12 + 2334?
2401
In base 5, what is 24 - 21?
3
In base 10, what is 638 - -2?
640
In base 8, what is 1 - 5?
-4
In base 6, what is 20 - 225?
-205
In base 2, what is 1100 + -10010101011?
-10010011111
In base 2, what is 101000111 + -11100?
100101011
In base 16, what is -3323 - -1?
-3322
In base 14, what is 5 - -194?
199
In base 7, what is 6 - -6121?
6130
In base 5, what is 4 + -21103?
-21044
In base 11, what is 6a + -2?
68
In base 9, what is 3 - 72?
-68
In base 12, what is -3 - -50?
49
In base 15, what is 9 + d?
17
In base 16, what is -1f - 12?
-31
In base 11, what is 0 + -1a?
-1a
In base 13, what is 113 + -2?
111
In base 15, what is -3 - 23?
-26
In base 13, what is -10 + -19c?
-1ac
In base 7, what is 4 - -424?
431
In base 8, what is 5 - 152?
-145
In base 5, what is -4 - -441?
432
In base 5, what is -4 - 31301?
-31310
In base 7, what is -1015 + 3?
-1012
In base 14, what is 0 - 31?
-31
In base 4, what is -1220 + 10?
-1210
In base 9, what is 1776 + 3?
1780
In base 4, what is 20 + 32023?
32103
In base 7, what is 231 - -132?
363
In base 14, what is -3 + -2c2?
-2c5
In base 7, what is 6 - -2?
11
In base 7, what is -36 - -33?
-3
In base 5, what is -2 + 14120?
14113
In base 5, what is 42 - 4?
33
In base 7, what is 0 - 601?
-601
In base 9, what is -3 - 43?
-46
In base 3, what is 11 - -1110?
1121
In base 9, what is 4 - -5?
10
In base 10, what is -117 + 7?
-110
In base 8, what is 2 + -3?
-1
In base 15, what is 7 + 85?
8c
In base 15, what is 2 + 17a?
17c
In base 16, what is 3 - 6?
-3
In base 10, what is 47 - 17?
30
In base 7, what is 126 - -12?
141
In base 4, what is 10 + -331?
-321
In base 7, what is -34 + 24?
-10
In base 11, what is -84a + -4?
-853
In base 6, what is 2404 - -1?
2405
In base 5, what is -10 - 34340?
-34400
In base 13, what is -1 + 2a?
29
In base 7, what is 3 + -3255?
-3252
In base 14, what is 43 - -5?
48
In base 15, what is -4 + -7?
-b
In base 10, what is 5 - -17?
22
In base 15, what is -13 - -4?
-e
In base 10, what is 53 - 16?
37
In base 11, what is 62 + 1a?
81
In base 5, what is 12 + -123?
-111
In base 13, what is 1 + 17c?
180
In base 10, what is -17 - 191?
-208
In base 7, what is -10032 - 1?
-10033
In base 8, what is -7555 + -3?
-7560
In base 9, what is 3 + -17?
-14
In base 15, what is 7 - -13?
1a
In base 11, what is -92a + 5?
-925
In base 8, what is 4 + -16431?
-16425
In base 2, what is -1000 - 111?
-1111
In base 13, what is 208 + 2?
20a
In base 10, what is -1 + 15?
14
In base 14, what is -9 + 15?
a
In base 13, what is -107 - -2?
-105
In base 4, what is -11 - -1120?
1103
In base 10, what is 1 - -47?
48
In base 6, what is 1255 + -4?
1251
In base 14, what is 3 + -127?
-124
In base 2, what is -1101000 + 10100?
-1010100
In base 2, what is 101010010 + 1010?
101011100
In base 13, what is -8 - 6c?
-77
In base 12, w